 of 855113 and 1237747?
1057
Calculate the highest common factor of 101437226 and 242.
22
What is the greatest common factor of 365666 and 7126?
14
What is the greatest common divisor of 37762 and 488038?
478
What is the highest common divisor of 613938 and 4602?
78
Calculate the highest common divisor of 92536 and 140696.
344
Calculate the greatest common divisor of 37430 and 1988730.
190
Calculate the highest common factor of 3374 and 11264822.
482
What is the greatest common divisor of 299 and 25298533?
13
What is the greatest common divisor of 18 and 19726515?
9
What is the greatest common divisor of 109915 and 474981?
247
What is the greatest common factor of 2296 and 2589656?
8
What is the greatest common divisor of 3760347 and 4218?
2109
Calculate the greatest common factor of 232694220 and 1320.
660
Calculate the highest common factor of 350 and 2507260.
70
What is the greatest common divisor of 1712 and 26943028?
428
Calculate the greatest common factor of 25564023 and 6.
3
What is the highest common factor of 5 and 1768390?
5
Calculate the greatest common factor of 553056 and 19104.
96
What is the highest common divisor of 7 and 8249612?
7
What is the greatest common divisor of 1804 and 3120100?
164
What is the highest common factor of 286350 and 103500?
3450
What is the highest common factor of 2776005 and 3429?
27
What is the highest common divisor of 74349425 and 15975?
1775
Calculate the highest common factor of 48 and 91651260.
12
What is the highest common divisor of 216918234 and 26?
26
What is the greatest common factor of 31220 and 132384?
28
What is the greatest common factor of 57312 and 65448?
72
Calculate the greatest common factor of 643833 and 72.
9
What is the greatest common factor of 1995 and 27691020?
105
Calculate the greatest common factor of 30 and 535522200.
30
What is the greatest common divisor of 54055212 and 66?
6
What is the highest common divisor of 890 and 277538?
2
What is the highest common divisor of 260 and 364056316?
52
What is the greatest common divisor of 78661128 and 4368?
2184
Calculate the highest common factor of 1176 and 1512594.
6
What is the greatest common divisor of 87820081 and 764?
191
What is the greatest common divisor of 33 and 39208499?
11
Calculate the greatest common divisor of 10417519 and 7564.
1891
What is the greatest common divisor of 140826 and 5390?
98
Calculate the highest common factor of 16050 and 178374350.
5350
Calculate the greatest common divisor of 10706 and 70843510.
106
What is the highest common divisor of 6 and 22685709?
3
What is the highest common divisor of 491332950 and 100?
50
Calculate the highest common factor of 30695951 and 572.
143
What is the highest common divisor of 846756 and 48676?
172
Calculate the greatest common factor of 3465 and 66705408.
693
Calculate the highest common factor of 540 and 604413360.
540
What is the greatest common divisor of 25640220 and 33630?
1770
Calculate the highest common factor of 7690 and 177848168.
1538
What is the greatest common factor of 2644 and 99496364?
2644
What is the greatest common divisor of 168 and 39914224?
56
What is the highest common factor of 1001 and 86174?
11
What is the greatest common factor of 512 and 5198592?
256
What is the highest common divisor of 973046 and 391?
17
Calculate the greatest common divisor of 94079234 and 6882.
2294
What is the highest common factor of 821400 and 2035?
185
What is the highest common divisor of 240 and 103904160?
240
Calculate the greatest common divisor of 54 and 42032574.
54
What is the highest common factor of 3680 and 30527210?
230
Calculate the greatest common divisor of 785243 and 2024.
23
Calculate the greatest common factor of 6533610 and 59823.
1173
Calculate the highest common divisor of 3605385 and 45.
15
Calculate the highest common divisor of 468770900 and 1300.
1300
What is the greatest common divisor of 35650 and 53917060?
7130
What is the highest common factor of 15148995 and 47655?
5295
What is the highest common factor of 5116 and 19777177?
1279
Calculate the greatest common factor of 60328 and 1152.
8
Calculate the highest common factor of 1249053621 and 167.
167
Calculate the highest common factor of 130682 and 8512.
38
What is the greatest common divisor of 169119 and 22453497?
3933
Calculate the greatest common divisor of 333 and 142444413.
333
Calculate the greatest common factor of 54018 and 156582.
18
What is the highest common divisor of 1210 and 9550288?
242
Calculate the highest common divisor of 284 and 578709356.
284
Calculate the highest common factor of 55985369 and 242.
121
Calculate the greatest common factor of 27601824 and 132.
12
Calculate the greatest common factor of 43490088 and 6.
6
What is the highest common divisor of 568 and 56289936?
568
What is the greatest common factor of 6551931 and 963?
321
Calculate the highest common factor of 150 and 31457805.
15
What is the highest common factor of 118018628 and 4984?
2492
What is the highest common factor of 452 and 638668?
4
What is the highest common factor of 32130 and 1277346?
714
What is the greatest common divisor of 16448 and 24419112?
2056
What is the highest common factor of 2868 and 49565493?
717
Calculate the highest common divisor of 608 and 166167616.
608
Calculate the greatest common factor of 1096 and 70466772.
548
Calculate the highest common divisor of 22920 and 34428705.
2865
Calculate the greatest common factor of 55261765 and 65.
65
Calculate the highest common factor of 6205107 and 12.
3
What is the highest common divisor of 504 and 3561936?
168
Calculate the highest common factor of 6532 and 27188172.
284
Calculate the greatest common divisor of 4338246 and 1056.
66
What is the highest common divisor of 43788 and 76734821?
3649
Calculate the greatest common factor of 8668 and 366652.
44
What is the greatest common factor of 19 and 1369955537?
19
What is the highest common factor of 195906 and 8034?
618
Calculate the highest common divisor of 20977 and 2574.
11
What is the highest common factor of 6039 and 1330044?
183
Calculate the greatest common factor of 677738 and 856.
214
Calculate the highest common divisor of 3422 and 839366981.
1711
Calculate the highest common divisor of 441 and 233847.
9
Calculate the greatest common factor of 118092120 and 102120.
2760
What is the greatest common divisor of 1329 and 47400557?
443
What is the greatest common divisor of 15855819 and 525?
21
What is the highest common factor of 10894020 and 744?
372
Calculate the greatest common divisor of 853856 and 19072.
32
Calculate the greatest common divisor of 14375 and 303250.
125
Calculate the greatest common divisor of 220 and 151316.
44
Calculate the greatest common divisor of 1659 and 663231702.
1659
What is the greatest common divisor of 630 and 1222913790?
630
Calculate the greatest common factor of 3971 and 89391181.
3971
What is the highest common factor of 29621803 and 18819?
697
Calculate the highest common factor of 895 and 819410985.
895
What is the greatest common divisor of 584637 and 13616?
851
Calculate the greatest common divisor of 400 and 4363945.
5
Calculate the greatest common divisor of 2031510 and 48.
6
What is the highest common divisor of 5215 and 6020?
35
Calculate the highest common factor of 5331872 and 1890.
14
Calculate the highest common divisor of 4319 and 11474349.
617
What is the highest common factor of 25811 and 33443?
53
What is the highest common divisor of 24466 and 1878236?
1882
What is the highest common factor of 31402 and 1069911?
2243
What is the highest common factor of 1865 and 14632417?
373
Calculate the greatest common factor of 70 and 16729860.
70
Calculate the highest common factor of 62 and 42441046.
62
Calculate the greatest common factor of 1824 and 7803927.
57
Calculate the highest common divisor of 303520 and 210.
70
What is the greatest common divisor of 18115976 and 80?
8
Calculate the highest common factor of 214176 and 696.
24
What is the greatest common factor of 19287 and 18567?
9
Calculate the highest common divisor of 6735067 and 11845.
2369
Calculate the highest common factor of 91 and 33321197.
91
What is the greatest common factor of 771 and 323499?
3
Calculate the greatest common divisor of 8568 and